er?
True
Suppose -3*c - 200 = 2*c. Let a be (12/15)/(1/c). Is (-4)/2 + 3 - a a prime number?
False
Let j = 2 - -5. Let s(x) = 5*x**2 + 2*x + 10. Let r be s(j). Suppose 3*m - q - 87 = 2*m, -3*m + q = -r. Is m prime?
False
Suppose -3 = j - 4*x + 2, -3*j + 1 = -4*x. Let g(y) = -22*y**3 + 63*y**j + 12*y**3. Is g(1) a prime number?
True
Let j(l) = l**3 - 6*l**2 - 6*l + 25. Is j(12) a prime number?
False
Is 348/18*(-63)/(-6) composite?
True
Suppose 0 = -s + 3*r - 274, 9*s + 1340 = 4*s + 5*r. Let j = -119 - s. Let v = j - 95. Is v prime?
False
Let o(q) = 2*q**2 + 9*q + 3. Let i be o(-6). Suppose 2*h = 3*h. Suppose h = -3*z + 4*p + 54 - 22, -i = -4*z + p. Is z a prime number?
False
Let u(c) = 3*c**3 + 2*c**2 + 8*c - 1. Is u(6) composite?
True
Let p be 1/(-2 - 33/(-15)). Suppose 2*s - 2*q + 2 = 0, 3*s - p*q = -5 - 8. Suppose 0 = -5*f - s*d + 103, -5*f + 2*d + 91 = -0*d. Is f composite?
False
Is ((-14)/4)/(12/(-72)) a composite number?
True
Let v(u) be the third derivative of -7*u**6/40 + u**5/20 - u**3/3 - u**2. Let s be v(-2). Suppose 3*o = 2*g + 2*g + 267, -2*o - 5*g + s = 0. Is o composite?
False
Let n = -134 + 56. Is ((-11)/(-2))/((-3)/n) prime?
False
Let q be (-15)/(-7) - 3/21. Suppose -2*d + 5*d - 526 = -2*r, q*r = 5*d - 882. Suppose -80 = -2*b - 2*w, 5*b + 0*w = 3*w + d. Is b a composite number?
False
Let l = -8741 - -12334. Is l a composite number?
False
Suppose -4 = -2*c + c. Suppose -c*x + 60 + 44 = 0. Is x a composite number?
True
Let p(x) = 7 + 5*x - 6*x**3 + 6*x**3 + x**3. Is p(5) prime?
True
Suppose 5*k - 442 = -2*r - 21, 0 = -k + r + 80. Is k a prime number?
True
Let q(r) be the first derivative of -3*r**2 + 7*r + 5. Is q(-8) a prime number?
False
Let s(v) = v**2 - 5*v + 4. Let h be s(5). Suppose -h*z + 148 = -64. Is z a composite number?
False
Let m(i) be the first derivative of i**3/3 - i**2 - 5*i + 2. Let a be m(-6). Let l = a + -4. Is l a composite number?
True
Let g = 6 - 4. Let b be g + -2 + 2 + 0. Suppose -46 = -0*s - b*s. Is s composite?
False
Let n(j) = 19*j**2 - 22*j + 31. Is n(18) prime?
True
Suppose f - 2 = -0. Suppose 0 = s + 5*j - 37, f*s - 2*j = -j + 74. Is s a composite number?
False
Let d(g) = -g. Let x(j) = j**2 - 4*j + 1. Let i = -2 + 6. Let r(u) = i*d(u) + x(u). Is r(-6) a prime number?
False
Let g be -11 + 2 - (2 - 4). Let q = g - -5. Is (q + 1)/(1/(-3)) a composite number?
False
Suppose -3*i + 31 = -35. Is i composite?
True
Suppose x - 26 + 1 = 5*l, -l = -3*x + 5. Let b = -5 - l. Let s(c) = c**2 - c + 21. Is s(b) a prime number?
False
Let f(p) = 0*p - 5*p + 12 - 4*p - p**3 + 9*p**2. Let g be f(8). Suppose 0*w + 40 = g*w. Is w prime?
False
Let w(i) = 2*i + 2 + 7 - 3*i. Let s be w(7). Suppose s*q + 7 = 33. Is q a prime number?
True
Is 52 - (-2 + 1 + 0) a prime number?
True
Let v(c) = -32*c**3 - c**2 - 4*c - 3. Is v(-2) prime?
True
Suppose -x + 6*x = 0. Suppose 4*b - 2 - 6 = x. Is b a prime number?
True
Let x(s) = -178*s - 13. Is x(-6) prime?
False
Suppose 0*b = -4*b + 808. Let k = b + -137. Is k a prime number?
False
Suppose -552 = 9*m - 17*m. Is m prime?
False
Let y(b) be the third derivative of b**5/30 + 5*b**3/6 - b**2. Is y(-5) a prime number?
False
Is (5/(-10))/(5300/(-2648) - -2) prime?
True
Let l = 7 + -2. Suppose l*z = 15, 0*j - z - 82 = -j. Is j composite?
True
Suppose 2*v = -10, 2*v = f - v - 60. Let w = f - 23. Is w prime?
False
Suppose 0 = -m - 0 + 1. Let g(w) be the third derivative of w**5/12 + w**4/12 - w**3/6 + 6*w**2. Is g(m) composite?
True
Suppose 602 = 3*k + 5*l, 3*k + 121 = l + 699. Is k composite?
True
Let k = 129 + -40. Is k prime?
True
Suppose 2*w = -w - 6, 2*i + 26 = -4*w. Is (-353)/i - (-10)/(-45) composite?
True
Is (1 - -50)*(3 - (-28)/6) composite?
True
Let a be (-22 - 2)/3*-1. Suppose 2*t = -2*t + a. Suppose t*q - 273 - 101 = -i, -4*i + 571 = 3*q. Is q a prime number?
False
Suppose 12*m = 10*m + 7510. Is m prime?
False
Suppose -12*m = -7*m - 3155. Is m prime?
True
Is (-4 - (-402)/6) + -4 a prime number?
True
Let p = -702 - -1343. Is p a composite number?
False
Suppose 5*m + 2 + 0 = 3*c, 3*m - c + 2 = 0. Is 64 + m + (0 - -4) composite?
False
Is -9 + 4 - -5 - -377 a prime number?
False
Let h(l) = l**2 + 4*l - 3. Let i be h(-4). Let f be 4 - 6/(-9)*i. Suppose f*t = 4*t - 218. Is t a composite number?
False
Let f = 9 - 7. Suppose 5*l - 28 = -4*h + l, 4*l - 4 = f*h. Is 111/6*(h - 2) a composite number?
False
Suppose -3*u - n = u - 7, u + n + 2 = 0. Let v = u + 260. Is v composite?
False
Let f = 854 - 455. Suppose -v + f = 2*v. Is v a prime number?
False
Let w = 117 + -28. Suppose 112 = 3*c - w. Is c a composite number?
False
Suppose 2*j - 4*m - 22 = 0, 5*j - 2*m - 10 = 13. Is (j + 242/(-4))*-2 a composite number?
True
Let x be -1 + 2 + -2 + 1. Suppose x = -r - o - 4, -2*r + 4*o = 3*r + 38. Is (-2)/(-3) + (-128)/r composite?
True
Suppose -9*a + 4*a = 0. Let q(c) = -c**3 + 20 + c + 2*c**2 - c**2 + 13. Is q(a) a prime number?
False
Let c be (-1*3)/((-9)/(-12)). Let o(k) = -9*k + 3. Is o(c) a composite number?
True
Let z(g) = -91*g - 16. Is z(-3) a composite number?
False
Is (0 + (-6)/4)/(-3)*502 a composite number?
False
Let j = 1277 + -496. Is j prime?
False
Let a = 783 - 282. Is a prime?
False
Let u = 7 - 9. Is 2/u*(-1 - 38) a prime number?
False
Let x(u) = -2*u**2 - 18*u + 6. Let t(y) = -5*y**2 - 37*y + 11. Let d(o) = 3*t(o) - 7*x(o). Is d(11) a composite number?
True
Suppose 2449 - 221 = 4*f. Is f a composite number?
False
Suppose -5*l + 121 + 94 = 0. Suppose -2*c + 4 = 0, l = 5*b - 4*c - 34. Let k = -6 + b. Is k a prime number?
True
Let q(t) = 74*t**2 - 5*t - 11. Let z be q(5). Suppose 3*a = a + z. Is a a prime number?
True
Suppose -g - 3*g = -2*y + 490, -2*g = 2*y - 508. Is y a prime number?
True
Suppose 2*a + 1714 = 2*u, 0 = -5*u + a + 2*a + 4277. Is u prime?
True
Suppose 4*c - 17 = 7. Let u be 1/(-3) + 20/c. Is (-2 - u/(-3)) + 36 a prime number?
False
Suppose 286 = p + p. Is p a composite number?
True
Let s(c) = -7*c + 7. Let b be s(6). Is (-2)/7 + (-3055)/b a composite number?
True
Suppose 0*b = 5*b - 710. Is b a composite number?
True
Suppose 2*s + 3*s = 0. Suppose -h + 108 = 4*t + t, 2*h + t - 189 = s. Is h prime?
False
Let k = -248 + 174. Is 2*3/(-12)*k composite?
False
Suppose 3*n = -0*n - 519. Let s = n + 276. Is s composite?
False
Let w be 0/3 + (1 - -2). Suppose 87 = -5*q - 4*m, -m + 33 = -w*q + 3*m. Let f = 68 + q. Is f prime?
True
Is 6/(-9) + (-658)/(-6) a composite number?
False
Let c(l) = -l**3 - 2*l**2 + 4*l + 4. Let j be c(-3). Suppose -w = -14 - j. Suppose -a = -w + 1. Is a a prime number?
False
Let k be -2 - -5 - 6/2. Suppose k = 3*s - z - 32, 5*s - 2*z - 42 = s. Is s a composite number?
False
Suppose -7*l + 2*l + 970 = 0. Is l prime?
False
Let h = 950 + 721. Is h a prime number?
False
Suppose 5*y + 3106 + 2848 = n, -4*n = 2*y - 23750. Is n a composite number?
False
Let u(o) = -17*o - 3. Let w be u(-2). Let a = w + -16. Is a composite?
True
Let r = -5137 + 7266. Is r composite?
False
Let t be 219/(-2)*8/(-6). Let f = t + 183. Is f a prime number?
False
Let s(o) = -1 + o + 5*o + 4*o. Is s(2) a prime number?
True
Let w(a) = -a - 1. Let z be w(1). Let n(r) = -r**3 - 2*r**2 + 2*r + 3. Let d be n(z). Is 4*29 - (4 + d) a prime number?
True
Let p(z) = -17*z + 3*z + 2 - 10*z. Let x = -41 - -38. Is p(x) composite?
True
Suppose 0 = -2*a + 57 + 115. Is a prime?
False
Suppose 0 = -3*l - 4*r + 3571, -l - 4*r = -5*l + 4780. Is l prime?
True
Let w = 139 - 96. Let x = -21 + w. Suppose 0*g - g + 34 = 4*z, -g + x = -2*z. Is g composite?
True
Let j be 24/14 + (-14)/(-49). Let n be 18/(-4)*j/(-3). Suppose -159 = -n*u + 5*x - 3*x, -4*u = -3*x - 211. Is u a composite number?
True
Suppose 0*f = -4*f - 188. Let l be f/(-4) + (-4)/(-16). Let z = l + 47. Is z a prime number?
True
Let z = -206 - -457. Is z prime?
True
Let c(f) = f**2 + f - 3. Let r be c(-3). Suppose -2*m + 3 = -r. Suppose -4*j + 340 = m*p, j - 4*p + 3*p = 85. Is j a prime number?
False
Let p = -384 + 658. Is p a composite number?
True
Let w(l) = 2*l**3 + 18. Let k(r) = r**3 - r**2 - 1. Let j(g) = -k(g) + w(g). Is j(0) a prime number?
True
Suppose 5*r + 1662 = 7*r + 2*i, -5*i = 2*r - 1650. Is r prime?
False
Suppose -1 = 2*w + y - 0*y, -3*w - 7 = -4*y. Let i be 13 + (0 - w)*-1. Let b = i + 14. Is b prime?
False
Suppose 6*k - 7*k =